e prime factors of 2206?
2, 1103
List the prime factors of 13972.
2, 7, 499
List the prime factors of 530.
2, 5, 53
What are the prime factors of 964?
2, 241
What are the prime factors of 25204?
2, 6301
List the prime factors of 76210.
2, 5, 7621
What are the prime factors of 17191?
17191
What are the prime factors of 3517?
3517
What are the prime factors of 141394?
2, 11, 6427
What are the prime factors of 18697?
7, 2671
List the prime factors of 768.
2, 3
What are the prime factors of 10369?
10369
List the prime factors of 661.
661
List the prime factors of 6203.
6203
What are the prime factors of 10897?
17, 641
List the prime factors of 7511.
7, 29, 37
List the prime factors of 33576.
2, 3, 1399
List the prime factors of 2207.
2207
List the prime factors of 1819.
17, 107
What are the prime factors of 54262?
2, 13, 2087
What are the prime factors of 156042?
2, 3, 8669
What are the prime factors of 901?
17, 53
List the prime factors of 458.
2, 229
List the prime factors of 4003.
4003
List the prime factors of 1053.
3, 13
What are the prime factors of 136349?
59, 2311
What are the prime factors of 4066?
2, 19, 107
What are the prime factors of 23304?
2, 3, 971
List the prime factors of 5047.
7, 103
What are the prime factors of 20967?
3, 29, 241
What are the prime factors of 38548?
2, 23, 419
What are the prime factors of 714?
2, 3, 7, 17
List the prime factors of 1864.
2, 233
What are the prime factors of 950?
2, 5, 19
List the prime factors of 2175.
3, 5, 29
List the prime factors of 8624.
2, 7, 11
What are the prime factors of 56894?
2, 28447
What are the prime factors of 128422?
2, 7, 9173
What are the prime factors of 9157?
9157
List the prime factors of 484.
2, 11
List the prime factors of 428.
2, 107
What are the prime factors of 1052?
2, 263
List the prime factors of 86629.
86629
What are the prime factors of 7363?
37, 199
What are the prime factors of 6405?
3, 5, 7, 61
What are the prime factors of 4746?
2, 3, 7, 113
List the prime factors of 18469.
11, 23, 73
What are the prime factors of 15691?
13, 17, 71
What are the prime factors of 41586?
2, 3, 29, 239
List the prime factors of 3519.
3, 17, 23
List the prime factors of 2941.
17, 173
List the prime factors of 1151.
1151
List the prime factors of 163838.
2, 81919
What are the prime factors of 1015?
5, 7, 29
What are the prime factors of 20118?
2, 3, 7, 479
What are the prime factors of 118?
2, 59
What are the prime factors of 984?
2, 3, 41
List the prime factors of 401.
401
What are the prime factors of 4311?
3, 479
List the prime factors of 88935.
3, 5, 7, 11
What are the prime factors of 26069?
131, 199
List the prime factors of 26467.
7, 19, 199
List the prime factors of 12549.
3, 47, 89
What are the prime factors of 10644?
2, 3, 887
List the prime factors of 140987.
7, 11, 1831
List the prime factors of 23342.
2, 11, 1061
What are the prime factors of 10080?
2, 3, 5, 7
What are the prime factors of 1565?
5, 313
List the prime factors of 587.
587
What are the prime factors of 241?
241
List the prime factors of 142479.
3, 1759
What are the prime factors of 35190?
2, 3, 5, 17, 23
List the prime factors of 7508.
2, 1877
List the prime factors of 168827.
17, 9931
List the prime factors of 403.
13, 31
List the prime factors of 102982.
2, 11, 31, 151
What are the prime factors of 3689?
7, 17, 31
List the prime factors of 150483.
3, 103, 487
List the prime factors of 3484.
2, 13, 67
What are the prime factors of 34742?
2, 29, 599
What are the prime factors of 14756?
2, 7, 17, 31
List the prime factors of 3426.
2, 3, 571
List the prime factors of 7775.
5, 311
What are the prime factors of 2992?
2, 11, 17
What are the prime factors of 2715?
3, 5, 181
List the prime factors of 20700.
2, 3, 5, 23
What are the prime factors of 1917?
3, 71
What are the prime factors of 86768?
2, 11, 17, 29
What are the prime factors of 821?
821
What are the prime factors of 82512?
2, 3, 191
List the prime factors of 39070.
2, 5, 3907
List the prime factors of 21347.
21347
List the prime factors of 36.
2, 3
List the prime factors of 184888.
2, 11, 191
What are the prime factors of 5286?
2, 3, 881
What are the prime factors of 15866?
2, 7933
What are the prime factors of 18607?
23, 809
What are the prime factors of 30465?
3, 5, 677
What are the prime factors of 3821?
3821
List the prime factors of 2285.
5, 457
What are the prime factors of 1511?
1511
What are the prime factors of 13899?
3, 41, 113
What are the prime factors of 20184?
2, 3, 29
List the prime factors of 72138.
2, 3, 11, 1093
What are the prime factors of 35372?
2, 37, 239
What are the prime factors of 83?
83
What are the prime factors of 30842?
2, 7, 2203
What are the prime factors of 979?
11, 89
What are the prime factors of 5131?
7, 733
List the prime factors of 2052.
2, 3, 19
List the prime factors of 11783.
11783
List the prime factors of 115096.
2, 14387
What are the prime factors of 35949?
3, 23, 521
List the prime factors of 818.
2, 409
List the prime factors of 9933.
3, 7, 11, 43
What are the prime factors of 3295?
5, 659
What are the prime factors of 3238?
2, 1619
What are the prime factors of 24593?
24593
What are the prime factors of 100885?
5, 20177
List the prime factors of 45115.
5, 7, 1289
List the prime factors of 6703.
6703
What are the prime factors of 8741?
8741
What are the prime factors of 942?
2, 3, 157
What are the prime factors of 31164?
2, 3, 7, 53
List the prime factors of 3401.
19, 179
List the prime factors of 3186.
2, 3, 59
List the prime factors of 1311.
3, 19, 23
List the prime factors of 15581.
15581
List the prime factors of 79866.
2, 3, 17, 29
What are the prime factors of 32281?
19, 1699
What are the prime factors of 713?
23, 31
List the prime factors of 2721.
3, 907
What are the prime factors of 1253?
7, 179
List the prime factors of 118717.
118717
List the prime factors of 1680.
2, 3, 5, 7
List the prime factors of 2670.
2, 3, 5, 89
List the prime factors of 16182.
2, 3, 29, 31
List the prime factors of 3548.
2, 887
List the prime factors of 1686.
2, 3, 281
What are the prime factors of 5929?
7, 11
What are the prime factors of 2904?
2, 3, 11
List the prime factors of 5642.
2, 7, 13, 31
What are the prime factors of 21631?
97, 223
List the prime factors of 37320.
2, 3, 5, 311
List the prime factors of 16674.
2, 3, 7, 397
What are the prime factors of 488?
2, 61
What are the prime factors of 44536?
2, 19, 293
What are the prime factors of 2049?
3, 683
What are the prime factors of 520?
2, 5, 13
List the prime factors of 13729.
13729
List the prime factors of 89817.
3, 7, 13, 47
What are the prime factors of 21924?
2, 3, 7, 29
List the prime factors of 3210.
2, 3, 5, 107
List the prime factors of 32185.
5, 41, 157
List the prime factors of 1203.
3, 401
What are the prime factors of 3131?
31, 101
What are the prime factors of 16990?
2, 5, 1699
List the prime factors of 3555.
3, 5, 79
What are the prime factors of 884?
2, 13, 17
List the prime factors of 15147.
3, 11, 17
What are the prime factors of 1653?
3, 19, 29
List the prime factors of 9633.
3, 13, 19
List the prime factors of 557.
557
List the prime factors of 762.
2, 3, 127
What are the prime factors of 2873?
13, 17
List the prime factors of 10575.
3, 5, 47
What are the prime factors of 124?
2, 31
List the prime factors of 141163.
11, 41, 313
What are the prime factors of 1556?
2, 389
List the prime factors of 35.
5, 7
What are the prime factors of 54919?
54919
What are the prime factors of 21865?
5, 4373
List the prime factors of 81906.
2, 3, 11, 17, 73
What are the prime factors of 3063?
3, 1021
What are the prime factors of 3379?
31, 109
List the prime factors of 59688.
2, 3, 829
List the prime factors of 159457.
159457
What are the prime factors of 8690?
2, 5, 11, 79
List the prime factors of 214.
2, 107
What are the prime factors of 78517?
78517
List the prime factors of 2670.
2, 3, 5, 89
List the prime factors of 41373.
3, 4597
What are the prime factors of 13291?
13291
List the prime factors of 50374.
2, 89, 283
What are the prime factors of 98457?
3, 37, 887
List the prime factors of 1579.
1579
What are the prime factors of 93715?
5, 18743
List the prime factors of 140720.
2, 5, 1759
List the prime factors of 564.
2, 3, 47
What are the prime 